 (-181 + 118) - 8 - 13?
51
What is the value of (2 - -11) + -24 + 4 + 21 + -12?
2
What is 62 + 1 - ((22 - 2) + -3 - (12 + 2))?
60
What is the value of 84 - (12 - (-45 - -65) - (-2 - 19))?
71
What is the value of 30 + 1 + (20 - 7) + -2 + 8 - 2?
48
What is -2 + 1 + -1 - -8 - (16 + 6 + -3)?
-13
Calculate -119 - 2 - ((125 - 97) + -25).
-124
-21 - -4 - (2601 + -2591)
-27
What is (-2887 - -2882) + (-4 - 0)?
-9
What is the value of 30 + 1 - (227 + -233)?
37
-8 - (-21 + -19 + 17)
15
Evaluate (-30 + 43 - -4) + -8 - (0 - 3).
12
1 + -4 + (-23 - -12) + (158 - (-38 - -74))
108
Evaluate (23 - 7) + (-7 - -3) + (42 - -7).
61
What is the value of 75 - 0 - (-141 + 48 - -109)?
59
What is (8 - 6 - 3 - (7 + -16)) + -54?
-46
Calculate 151 - (-45 - (-67 - 81)).
48
Evaluate (126 - ((-18 + -7 - -6) + 32)) + -8.
105
Calculate (-1 - -13) + 242 + -276 - -2.
-20
Evaluate -283 - (-20 + -100) - -103.
-60
What is the value of 22 + (628 - 704 - (0 - -6))?
-60
What is the value of -1 + 7 - 10 - (-30 + 13 + 66)?
-53
Evaluate (1941 - 1935) + (2 - -18).
26
What is the value of 18 - (38 - (33 - 17)) - 1?
-5
Evaluate -8 + (3 - 2) + (-23 - (21 - 11)).
-40
What is (-2 + 5 - (-27 + 8)) + -46 + 18?
-6
What is the value of 1 + -7 + (41 - (7 + -6 + -1 + 4))?
31
Calculate 11 + 5 + -23 + 28 + -24.
-3
What is the value of -8 + (3 + -7 - (-7 + (0 - 6))) + -7?
-6
What is the value of 2 + 8 + -2 - (-33 + (12 - (62 - 21)))?
70
What is 33 + -41 + (11 - -7) + 116?
126
Evaluate 26 - (35 + (-38 - 17)).
46
Evaluate 50 + -33 - (-9 + 2 - -39).
-15
Calculate (-24 - -71) + 18 + -31.
34
(9 - -1 - 29) + -214 + 183
-50
What is -11 - 0 - (56 + -66 + 31 + -8)?
-24
Calculate 127 - (45 + 44 - 28).
66
(-1 - -2) + -35 - (-42 + -17 - -62)
-37
What is the value of 46 + ((-10 - 6) + 4 - -1)?
35
What is the value of 10 + 4 + (58 - 53) + (0 + -9 - -1)?
11
3 - (9 - (-2 - (12 + -21))) - 16
-15
Calculate (70 - (-5 - -52)) + -23.
0
Evaluate 13 + (-5 - 12 - (7 - 3)) - (-62 - -2).
52
-5 + -15 + (17 - (-41 - -10) - (-3 - -4))
27
Evaluate (82 - 118) + -33 + 34.
-35
Evaluate -33 - (65 + -147) - 3.
46
What is -21 + (85 - ((-16 - -6) + 23))?
51
Evaluate -12 + -5 + (-6 - (-15 - (14 + -22))) + 2.
-14
What is (0 + 95 + 2 - (-1 - -11)) + (-15 - -15)?
87
-711 + 717 - (44 + 2)
-40
-3 - (71 + (84 + -67 - (18 + -2)))
-75
What is (1401 - 1396 - (-1 - (-2 + 2))) + 0?
6
-44 - ((20 - 54) + -8)
-2
What is (14 - -1) + 203 + (-33 - 109)?
76
What is the value of 67 - (24 - (32 - 57))?
18
What is the value of -26 + -1 + (-13 + -14 - -7 - -7)?
-40
Evaluate -276 + 302 - (-5 + 48).
-17
Evaluate (-18 - ((7 - -1) + -29) - -2) + 18.
23
What is -81 + (-8 - -101) - -60?
72
Calculate -18 + -20 + 40 + -29.
-27
Calculate 28 + 36 - (27 - -2).
35
Calculate 74 + 1 + -36 - -8.
47
What is the value of (0 - -42) + -128 + 55 + 108?
77
(-17 + 17 - -60) + -73
-13
What is -18 + 45 + -10 - 8 - (11 - -6)?
-8
What is the value of (-1356 - -1500) + 3 + -81?
66
What is the value of (-5 - 91) + -14 + 90 + -94?
-114
Calculate -12 - (-17 + (-19 - (-7 - 20)) + -12).
9
What is (9 - 16) + 6 + 1 + -20 + -35?
-55
4 - -50 - (12 - ((0 - -23) + -117 + 108))
56
What is the value of 29 - (-7 + (11 - -41) + 2)?
-18
Evaluate 71 + -45 - (-4 - 4).
34
Calculate 23 - (79 + (-11 - 14)).
-31
(12 - 70) + 65 - (-1 + (0 - 5) - -94)
-81
What is the value of 53 + -4 + 5 + 105 + (-81 - 43)?
35
What is the value of -1 - 29 - (-36 - (-87 + 22))?
-59
What is 220 - 278 - (0 + -28)?
-30
What is the value of (-33 - 3) + -17 + (-20 - -40)?
-33
What is -39 - (-99 - (-100 + 45))?
5
-27 + 39 + -28 - -5 - (0 - 64)
53
What is the value of -86 + -72 + 152 - (1 + (2 - -19))?
-28
Evaluate -1084 - -1182 - (-1 + 20 + 4).
75
(2 - 27) + (-1458 - -1523)
40
What is the value of (154 - 168) + (-9 - (-6 - -22))?
-39
What is the value of -271 + 265 - (-113 + (5 - -6 - 16))?
112
What is the value of 1 - (-8 - (-21 - (-38 + 12)))?
14
What is -14 - ((-14 - 1) + -1 + (2838 - 2886))?
50
(-12 - (9 - 97)) + (2 - -12) + 30 + -32
88
39 + (43 - 153) + 45 + -5
-31
Evaluate 0 - (47 - 34) - -39.
26
What is the value of -7 + -1 + (-28 - -12) + 17 - 31?
-38
Calculate (-4 - 48) + -87 + 54 - (1 - -16).
-102
Calculate 0 + -3 - 11 - (-27 + (10 - 36)).
39
What is the value of 77 - (-26 - (-16 + 6 + -29))?
64
What is -40 + 35 + 48 + -64?
-21
What is the value of (-1 + 29 + 4 - -31) + -8?
55
What is 57 - ((8 - 7 - -7 - 0) + -5 + -1)?
55
38 + (-63 - (25 - -3))
-53
What is the value of 55 + (-26 - 24) - (3 - (-34 - -1))?
-31
Evaluate -10 + (10 + -18 + -7 - -14) - -14.
3
What is -4 + 2 + (125 - (-11 - 17 - -64))?
87
Calculate -73 + -87 + -66 + 154.
-72
Evaluate -401 + 367 - ((-6 + 5 - 3) + 11 + 3).
-44
What is 0 + (-9 - 5) + 1 + (-3 - -1)?
-15
Calculate -16 - (-42 - (-55 - -56 - (3 + 2))).
22
Calculate (-6 - 0 - 3 - -17) + -6.
2
153 + -76 - 109 - -52
20
(17328 - 17262) + 2 + -171
-103
What is (-11 - -3 - 2) + -6 - (-44 - -2)?
26
What is the value of 6 + (-18 + -10 + 30 - (4 + -19))?
23
What is -57 + 78 + -23 + 0 - (4 - -1)?
-7
Evaluate (16 - (-36 + 37)) + 4 + 20.
39
What is the value of -48 + 68 + (3 - -1) + -50?
-26
What is the value of -23 - (67 - 100 - -15)?
-5
What is the value of -7 - (-22 + 37) - 39 - -14?
-47
Evaluate -9 + 10 + -10 + 6 + (-7 - (3 - 1)).
-12
(10 - (-20 - (2 + -12))) + 29
49
Calculate -36 + (-37 - (-43 - -22)) + 13.
-39
-1 + 22 - 2 - (-1 + (-14 + -12 - -24))
22
What is the value of 13 + (16 - 16) + -19 + 10?
4
What is -3 - 37 - ((1 - 12) + 31 + -20 + -14)?
-26
Calculate -13 + (37 - (-2 + -3 + 10 + 6)).
13
-34 - (13 + -23) - ((-2 - 10) + 12)
-24
Calculate 17 + -104 + 56 - 28.
-59
Evaluate 24 + (29 + (62 - 28) - 33).
54
Calculate (83 - (4 - (4 - (-6 - -21)))) + 4.
72
Evaluate 4 + -1 + 4 - -5 - (-139 - -197).
-46
What is the value of (-4 - 1) + 18 + 5 + -36?
-18
4 + (-12 + 15 + -13 - 8) + -37
-51
Calculate (2 - -30 - (41 - (95 - 44))) + -1 + 11.
52
Calculate (8 - -40) + -1044 + 987.
-9
What is (153 + 122 - 288) + (-3 - -1) + 0 + -9?
-24
What is -64 - (-54 - 106 - -87)?
9
What is 69 - (-30 - (10 - 32) - -39)?
38
What is -7 + (1 - -30 - -7) - (-224 + 216)?
39
What is 2 + -12 + (36 - 11 - 29) + -21?
-35
Evaluate -160 + 35 + 140 - (-43 + -1).
59
What is -76 + 3 + (-48 - -26 - -46 - 44)?
-93
What is -70 + (106 - (105 + -133))?
64
(8 - 1) + 74 + (-41 - 26) + 76 + -2
88
Evaluate 45 - 46 - (22 + -7) - 5.
-21
(-12 - -2) + (-18 - -30) + 38 + 4
44
What is 37 + -34 + 54 - 65?
-8
What is 39 + 1 + (12 - (-2 + 9)) + (7 - 2)?
50
What is 0 + 1 + (-626 - -638) + 34 + (-2 - -4)?
49
What is the value of (8 + 1 - (4 - 26 - -34)) + 30?
27
Calculate (155 - 92) + -10 + (-1 - 5 - -12) + -5.
54
Calculate -68 + -153 + -14 - -130.
-105
What is -55 + (-156 - -203) - -98?
90
What is the value of 263 + -155 + (-58 - -71)?
121
-52 - (80 - 201 - -72)
-3
Calculate 18 + 29 + 6 + (-5 - -2) + -4.
46
Evaluate (-8 - 2) + (-2 + -20 - (-1125 - -1129)).
-36
Calculate 1 + 23 + 653 + -671 - -80.
86
Evaluate -8 + (57 - (21 - 2) - (8 - -1)).
21
Calculate -258 + -25 + 224 + (-1 - 0 - 24).
-84
What is 67 + (14 - 29 - -18) + -2 + 8 + 1?
77
Calculate 12 - (-38 + 1 + 42).
7
What is the value of ((-1 - 2) + -1 - (1373 - 1361)) + 2?
-14
What is -1 + 1 + 14 + (-310 - -305)?
9
Evaluate (-1 - (-6 + -2) - -18) + -3 + 13.
35
Evaluate 66 - -2 - (593 - 520).
-5
Evaluate 42 - 44 - (4 - 0) - (20 + 6 + -104).
72
What is the value of -4 - -5 - (51 - 54 - (-96 - 0))?
-92
Evaluate 20 + (-72 - (5 - 48)) + (0 - -23).
14
36 - (-42 + (14 - -8) - -8)
48
19 + (-116 - (60 + -92))
-65
Evaluate -23 + 172 + (-203 - -138).
84
Evaluate -1 + 1 - 1 - (-757 - -798).
-42
What is 74 + 5 + -20 - (18 + 0)?
41
What is the value of -84 - (-47 - (69 + -95))?
-63
-50 + 3 - (1 + -7 + (-2 - -10)) - 9
-58
Calculate 16 - (-11 + 76 - (1 - -15)).
-33
Evaluate (-20 - -1 - ((101 - 26) + -76)) + -21.
-39
Calculate -215 + (-50 - -150) + 249.
134
Evaluate -69 - (28 - (33 + 8)) - 33.
-89
What is the value of 13141 + -13151 + (2 - (38 + 2 + -2)) + 3?
-43
Evaluate -51 - (-45 + -9 - 39).
42
What is (-6 - -2) + 1 + (7 - (47 + -30)) + 11?
-2
What is the value of 2017 - 2138 - (-103 + 3)?
-21
Evaluate -87 + 0 + (284 - (65 - -232)).
-100
21 + 29 + -49 + 15
16
8 + 1 + 60 + 6 + -13 + 4
66
What is -173 - (15 - (120 - 54))?
-122
76 + 33 + -44 + -17 - 40
8
What is the value of (5 - 4) + 26 + 0 + (30 - 18)?
39
What is the value of (